{"id":2,"date":"2016-02-29T21:27:27","date_gmt":"2016-02-29T20:27:27","guid":{"rendered":"http:\/\/57155923.swh.strato-hosting.eu\/?page_id=2"},"modified":"2023-04-26T09:17:32","modified_gmt":"2023-04-26T07:17:32","slug":"beispiel-seite","status":"publish","type":"page","link":"https:\/\/www.personalberatung-schulz.de\/","title":{"rendered":"Personalberatungsleistungen Executive Search"},"content":{"rendered":"<p><img loading=\"lazy\" decoding=\"async\" class=\" wp-image-29 alignright\" src=\"http:\/\/www.personalberatung-schulz.de\/wp-content\/uploads\/2016\/03\/ups_sw-300x200.jpg\" alt=\"Ulrich P. Schulz - Personalberatung Schulz\" width=\"275\" height=\"183\" srcset=\"https:\/\/www.personalberatung-schulz.de\/wp-content\/uploads\/2016\/03\/ups_sw-300x200.jpg 300w, https:\/\/www.personalberatung-schulz.de\/wp-content\/uploads\/2016\/03\/ups_sw-768x512.jpg 768w, https:\/\/www.personalberatung-schulz.de\/wp-content\/uploads\/2016\/03\/ups_sw.jpg 800w\" sizes=\"auto, (max-width: 275px) 100vw, 275px\" \/>Die PERSONALBERATUNG SCHULZ ist ein Dienstleistungs-Unternehmen f\u00fcr die Rekrutierung von Fach- und F\u00fchrungskr\u00e4ften in der Unternehmensberatungs-Branche. Die beliebtesten Arbeitgeber in Deutschland geh\u00f6ren zu unseren Kunden.<\/p>\n<p style=\"text-align: left;\">Als Personalberater sind wir DIENSTLEISTER f\u00fcr Unternehmen &#8211; unsere Kunden &#8211; im Bereich der PERSONALBESCHAFFUNG und zur Unterst\u00fctzung bei der Besetzung offener Positionen. Gleichzeitig sind wir Ansprechpartner und oftmals langj\u00e4hriger Begleiter unserer Kandidaten in Fragen der KARRIEREPLANUNG.<\/p>\n<p><\/p>","protected":false},"excerpt":{"rendered":"<p>Die PERSONALBERATUNG SCHULZ ist ein Dienstleistungs-Unternehmen f\u00fcr die Rekrutierung von Fach- und F\u00fchrungskr\u00e4ften in der Unternehmensberatungs-Branche. Die beliebtesten Arbeitgeber in Deutschland geh\u00f6ren zu unseren Kunden. Als Personalberater sind wir DIENSTLEISTER f\u00fcr Unternehmen &#8211; unsere Kunden &#8211; im Bereich der PERSONALBESCHAFFUNG und zur Unterst\u00fctzung bei der Besetzung offener Positionen. Gleichzeitig sind wir Ansprechpartner und oftmals langj\u00e4hriger [&hellip;]<\/p>\n","protected":false},"author":1,"featured_media":0,"parent":0,"menu_order":0,"comment_status":"closed","ping_status":"open","template":"","meta":{"footnotes":""},"class_list":["post-2","page","type-page","status-publish","hentry"],"_links":{"self":[{"href":"https:\/\/www.personalberatung-schulz.de\/index.php?rest_route=\/wp\/v2\/pages\/2","targetHints":{"allow":["GET"]}}],"collection":[{"href":"https:\/\/www.personalberatung-schulz.de\/index.php?rest_route=\/wp\/v2\/pages"}],"about":[{"href":"https:\/\/www.personalberatung-schulz.de\/index.php?rest_route=\/wp\/v2\/types\/page"}],"author":[{"embeddable":true,"href":"https:\/\/www.personalberatung-schulz.de\/index.php?rest_route=\/wp\/v2\/users\/1"}],"replies":[{"embeddable":true,"href":"https:\/\/www.personalberatung-schulz.de\/index.php?rest_route=%2Fwp%2Fv2%2Fcomments&post=2"}],"version-history":[{"count":7,"href":"https:\/\/www.personalberatung-schulz.de\/index.php?rest_route=\/wp\/v2\/pages\/2\/revisions"}],"predecessor-version":[{"id":357,"href":"https:\/\/www.personalberatung-schulz.de\/index.php?rest_route=\/wp\/v2\/pages\/2\/revisions\/357"}],"wp:attachment":[{"href":"https:\/\/www.personalberatung-schulz.de\/index.php?rest_route=%2Fwp%2Fv2%2Fmedia&parent=2"}],"curies":[{"name":"wp","href":"https:\/\/api.w.org\/{rel}","templated":true}]}}